{"id":13362,"date":"2019-06-27T21:12:40","date_gmt":"2019-06-27T13:12:40","guid":{"rendered":"https:\/\/www.alcatelmobile.com\/?post_type=product&#038;p=13362"},"modified":"2019-12-21T15:16:06","modified_gmt":"2019-12-21T07:16:06","slug":"alcatel-1t-10","status":"publish","type":"product","link":"https:\/\/www.alcatelmobile.com\/befr\/product\/tablet\/alcatel-1-series\/alcatel-1t-10\/","title":{"rendered":"Alcatel 1T 10"},"content":{"rendered":"","protected":false},"excerpt":{"rendered":"<p>Une tablette ultra-l\u00e9g\u00e8re avec un sublime \u00e9cran HD 10&#8243;<\/p>\n","protected":false},"featured_media":26106,"template":"","meta":[],"_links":{"self":[{"href":"https:\/\/www.alcatelmobile.com\/befr\/content\/wp-json\/wp\/v2\/product\/13362"}],"collection":[{"href":"https:\/\/www.alcatelmobile.com\/befr\/content\/wp-json\/wp\/v2\/product"}],"about":[{"href":"https:\/\/www.alcatelmobile.com\/befr\/content\/wp-json\/wp\/v2\/types\/product"}],"version-history":[{"count":7,"href":"https:\/\/www.alcatelmobile.com\/befr\/content\/wp-json\/wp\/v2\/product\/13362\/revisions"}],"predecessor-version":[{"id":28028,"href":"https:\/\/www.alcatelmobile.com\/befr\/content\/wp-json\/wp\/v2\/product\/13362\/revisions\/28028"}],"wp:featuredmedia":[{"embeddable":true,"href":"https:\/\/www.alcatelmobile.com\/befr\/content\/wp-json\/wp\/v2\/media\/26106"}],"wp:attachment":[{"href":"https:\/\/www.alcatelmobile.com\/befr\/content\/wp-json\/wp\/v2\/media?parent=13362"}],"curies":[{"name":"wp","href":"https:\/\/api.w.org\/{rel}","templated":true}]}}