{"id":26275,"date":"2019-07-11T10:58:53","date_gmt":"2019-07-11T02:58:53","guid":{"rendered":"https:\/\/www.alcatelmobile.com\/?page_id=26275"},"modified":"2021-07-07T14:29:25","modified_gmt":"2021-07-07T06:29:25","slug":"cookie-policy","status":"publish","type":"page","link":"https:\/\/www.alcatelmobile.com\/cz\/cookie-policy\/","title":{"rendered":"Z\u00e1sady pou\u017e\u00edv\u00e1n\u00ed soubor\u016f cookie"},"content":{"rendered":"\t\t<div data-elementor-type=\"post\" data-elementor-id=\"26275\" class=\"elementor elementor-26275\" data-elementor-settings=\"[]\">\n\t\t\t<div class=\"elementor-inner\">\n\t\t\t\t<div class=\"elementor-section-wrap\">\n\t\t\t\t\t\t\t<section class=\"elementor-element elementor-element-4862f035 mi-no-height elementor-section-boxed elementor-section-height-default elementor-section-height-default elementor-section elementor-top-section\" data-id=\"4862f035\" data-element_type=\"section\">\n\t\t\t\t\t\t<div class=\"elementor-container elementor-column-gap-no\">\n\t\t\t\t<div class=\"elementor-row\">\n\t\t\t\t<div class=\"elementor-element elementor-element-7a0bfd04 elementor-column elementor-col-100 elementor-top-column\" data-id=\"7a0bfd04\" data-element_type=\"column\">\n\t\t\t<div class=\"elementor-column-wrap  elementor-element-populated\">\n\t\t\t\t\t<div class=\"elementor-widget-wrap\">\n\t\t\t\t<div class=\"elementor-element elementor-element-6765cc07 elementor-widget elementor-widget-html\" data-id=\"6765cc07\" data-element_type=\"widget\" data-widget_type=\"html.default\">\n\t\t\t\t<div class=\"elementor-widget-container\">\n\t\t\t<div id=\"mi-alternative-menu-bottom-border-color\" data-alt-class=\"mi-dark-bottom-border\"><\/div>\t\t<\/div>\n\t\t\t\t<\/div>\n\t\t\t\t\t\t<\/div>\n\t\t\t<\/div>\n\t\t<\/div>\n\t\t\t\t\t\t<\/div>\n\t\t\t<\/div>\n\t\t<\/section>\n\t\t\t\t<section class=\"elementor-element elementor-element-1deda77d elementor-section-boxed elementor-section-height-default elementor-section-height-default elementor-section elementor-top-section\" data-id=\"1deda77d\" data-element_type=\"section\">\n\t\t\t\t\t\t<div class=\"elementor-container elementor-column-gap-no\">\n\t\t\t\t<div class=\"elementor-row\">\n\t\t\t\t<div class=\"elementor-element elementor-element-16052129 elementor-column elementor-col-100 elementor-top-column\" data-id=\"16052129\" data-element_type=\"column\">\n\t\t\t<div class=\"elementor-column-wrap  elementor-element-populated\">\n\t\t\t\t\t<div class=\"elementor-widget-wrap\">\n\t\t\t\t<div class=\"elementor-element elementor-element-133c6fc4 elementor-widget elementor-widget-theme-post-title elementor-page-title elementor-widget-heading\" data-id=\"133c6fc4\" data-element_type=\"widget\" data-widget_type=\"theme-post-title.default\">\n\t\t\t\t<div class=\"elementor-widget-container\">\n\t\t\t<h1 class=\"elementor-heading-title elementor-size-default\">Z\u00e1sady pou\u017e\u00edv\u00e1n\u00ed soubor\u016f cookie<\/h1>\t\t<\/div>\n\t\t\t\t<\/div>\n\t\t\t\t<div class=\"elementor-element elementor-element-75a7ef72 mi-general-text mi-hyperlink-blue elementor-widget elementor-widget-text-editor\" data-id=\"75a7ef72\" data-element_type=\"widget\" data-widget_type=\"text-editor.default\">\n\t\t\t\t<div class=\"elementor-widget-container\">\n\t\t\t\t\t<div class=\"elementor-text-editor elementor-clearfix\"><p>Z\u00e1sady pou\u017e\u00edv\u00e1n\u00ed soubor\u016f cookie<\/p>\n<p>Soubory \u201ecookie\u201c a podobn\u00e9 webov\u00e9 technologie, v\u010detn\u011b pixelov\u00fdch tag\u016f \u010di webov\u00fdch maj\u00e1k\u016f, (souhrnn\u011b \u201eautomatizovan\u00e9 sb\u011brn\u00e9 n\u00e1stroje\u201c) pou\u017e\u00edv\u00e1me za \u00fa\u010delem podpory ur\u010dit\u00fdch funkc\u00ed \u00fa\u010dtu Alcatel a dal\u0161\u00edch n\u00e1mi provozovan\u00fdch webov\u00fdch str\u00e1nek a aplikac\u00ed. Automatizovan\u00e9 n\u00e1stroje jsou \u010d\u00e1sti k\u00f3du um\u00edst\u011bn\u00e9 na Va\u0161e za\u0159\u00edzen\u00ed. Automatizovan\u00e9 sb\u011brn\u00e9 n\u00e1stroje umo\u017e\u0148uj\u00ed webov\u00fdm str\u00e1nk\u00e1m rozpoznat V\u00e1\u0161 prohl\u00ed\u017ee\u010d nebo za\u0159\u00edzen\u00ed b\u011bhem Va\u0161\u00ed n\u00e1v\u0161t\u011bvy webov\u00fdch str\u00e1nek \/ aplikace spole\u010dnosti Alcatel nebo v p\u0159\u00edpad\u011b n\u00e1vratu na webov\u00e9 str\u00e1nky \/ do aplikace Alcatel. Pou\u017e\u00edv\u00e1me n\u00e1sleduj\u00edc\u00ed typy automatizovan\u00fdch n\u00e1stroj\u016f:<\/p>\n<p><u>Kategorie 1 \u2013 zcela nezbytn\u00e9 n\u00e1stroje:<\/u><\/p>\n<p>Pou\u017e\u00edv\u00e1me \u0159adu automatizovan\u00fdch sb\u011brn\u00fdch n\u00e1stroj\u016f, kter\u00e9 jsou nezbytn\u00e9 pro provoz slu\u017eeb Alcatel Materials a kter\u00e9 umo\u017e\u0148uj\u00ed poskytov\u00e1n\u00ed slu\u017eeb, kter\u00e9 jste si konkr\u00e9tn\u011b vy\u017e\u00e1dali. Tyto typy automatizovan\u00fdch sb\u011brn\u00fdch n\u00e1stroj\u016f n\u00e1m umo\u017e\u0148uj\u00ed:<\/p>\n<ul>\n<li>zaznamenat, \u017ee jste p\u0159ihl\u00e1\u0161eni ke sv\u00e9mu \u00fa\u010dtu;<\/li>\n<li>zaznamenat, kdy\u017e n\u00e1m v p\u0159\u00edpad\u011b pot\u0159eby poskytnete svolen\u00ed pou\u017e\u00edvat automatizovan\u00e9 sb\u011brn\u00e9 n\u00e1stroje;<\/li>\n<li>poskytovat V\u00e1m v\u00fdrobky a slu\u017eby a spravovat transakce, v\u010detn\u011b umo\u017en\u011bn\u00ed webov\u00fdm str\u00e1nk\u00e1m a dal\u0161\u00edm slu\u017eb\u00e1m Alcatel Materials zapamatovat si zbo\u017e\u00ed, kter\u00e9 jste vlo\u017eili do n\u00e1kupn\u00edho ko\u0161\u00edku, nebo informace, kter\u00e9 jste zadali do formul\u00e1\u0159\u016f;<\/li>\n<li>zobrazit V\u00e1mi zaslan\u00e9 recenze v\u00fdrobk\u016f;<\/li>\n<li>zajistit nezbytn\u00e9 zabezpe\u010den\u00ed, kter\u00e9 od slu\u017eeb Alcatel Materials vy\u017eadujete, nap\u0159\u00edklad monitorov\u00e1n\u00edm provozu a n\u00e1v\u0161t\u011bv za \u00fa\u010delem z\u00edsk\u00e1n\u00ed informac\u00ed o potenci\u00e1ln\u00edch bezpe\u010dnostn\u00edch hrozb\u00e1ch (<em>nap\u0159.<\/em> v p\u0159\u00edpad\u011b neobvykle vysok\u00e9ho nebo rychl\u00e9ho provozu);<\/li>\n<li>zajistit rychl\u00e9 nahr\u00e1v\u00e1n\u00ed V\u00e1mi vy\u017e\u00e1dan\u00e9ho obsahu slu\u017eeb Alcatel Materials.<\/li>\n<\/ul>\n<p>Bez t\u011bchto automatizovan\u00fdch sb\u011brn\u00fdch n\u00e1stroj\u016f nelze vy\u017e\u00e1dan\u00e9 slu\u017eby poskytovat.<\/p>\n<p>Chceme, abyste t\u011bmto automatizovan\u00fdm sb\u011brn\u00fdm n\u00e1stroj\u016fm a d\u016fvodu, pro\u010d je pou\u017e\u00edv\u00e1me, porozum\u011bli, nicm\u00e9n\u011b V\u00e1\u0161 souhlas k jejich pou\u017e\u00edv\u00e1n\u00ed nen\u00ed vy\u017eadov\u00e1n, nebo\u0165 tyto automatizovan\u00e9 sb\u011brn\u00e9 n\u00e1stroje pou\u017e\u00edv\u00e1me v\u00fdhradn\u011b pro \u00fa\u010dely poskytov\u00e1n\u00ed V\u00e1mi vy\u017e\u00e1dan\u00fdch slu\u017eeb.<\/p>\n<p><u>Kategorie 2 \u2013 v\u00fdkonnostn\u00ed n\u00e1stroje:<\/u><\/p>\n<p>Tyto automatizovan\u00e9 sb\u011brn\u00e9 n\u00e1stroje z\u00edsk\u00e1vaj\u00ed informace o zp\u016fsobu Va\u0161eho vyu\u017e\u00edv\u00e1n\u00ed slu\u017eeb Alcatel Materials. Umo\u017e\u0148uj\u00ed n\u00e1m porozum\u011bt:<\/p>\n<ul>\n<li>pomoc\u00ed jak\u00fdch za\u0159\u00edzen\u00ed \u010di webov\u00fdch str\u00e1nek se p\u0159ipojujete;<\/li>\n<li>kter\u00e9 ze slu\u017eeb Alcatel Materials a jejich funkc\u00ed pou\u017e\u00edv\u00e1te nej\u010dast\u011bji, abychom tyto informace vyu\u017eili ke zlep\u0161en\u00ed jejich funk\u010dnosti;<\/li>\n<li>va\u0161im preferenc\u00edm, aby V\u00e1m mohl b\u00fdt nab\u00edzen nejvhodn\u011bj\u0161\u00ed obsah webov\u00fdch str\u00e1nek \/ aplikac\u00ed (v\u010detn\u011b reklamy);<\/li>\n<li>p\u0159\u00edpad\u016fm, kdy obdr\u017e\u00edte chybov\u00e1 hl\u00e1\u0161en\u00ed.<\/li>\n<\/ul>\n<p>Z\u00edskan\u00e9 informace se pou\u017e\u00edvaj\u00ed pouze za \u00fa\u010delem zlep\u0161en\u00ed funkc\u00ed slu\u017eeb Alcatel Materials.<\/p>\n<p>Automatizovan\u00e9 sb\u011brn\u00e9 n\u00e1stroje d\u00e1le pou\u017e\u00edv\u00e1 k\u00f3dovac\u00ed jazyk, ve kter\u00e9m jsou vytvo\u0159eny webov\u00e9 str\u00e1nky spole\u010dnosti Alcatel. Tyto n\u00e1stroje se po uzav\u0159en\u00ed prohl\u00ed\u017ee\u010de odstran\u00ed. Tyto n\u00e1stroje se odstran\u00ed poka\u017ed\u00e9, kdy\u017e uzav\u0159ete prohl\u00ed\u017ee\u010d. Tyto n\u00e1stroje po uzav\u0159en\u00ed prohl\u00ed\u017ee\u010de neukl\u00e1daj\u00ed \u017e\u00e1dn\u00e9 \u00fadaje o n\u00e1v\u0161t\u011bvn\u00edkovi.<\/p>\n<p>N\u011bkter\u00e9 z t\u011bchto automatizovan\u00fdch sb\u011brn\u00fdch n\u00e1stroj\u016f jsou poskytov\u00e1ny n\u00e1sleduj\u00edc\u00edmi t\u0159et\u00edmi stranami:<\/p>\n<table width=\"640\">\n<thead>\n<tr>\n<td>\n<p><strong>N\u00e1zev<\/strong><\/p>\n<\/td>\n<td>\n<p><strong>Poskytovatel<\/strong><\/p>\n<\/td>\n<td>\n<p><strong>\u00da\u010del<\/strong><\/p>\n<\/td>\n<td>\n<p><strong>Platnost<\/strong><\/p>\n<\/td>\n<td>\n<p><strong>Typ<\/strong><\/p>\n<\/td>\n<\/tr>\n<\/thead>\n<tbody>\n<tr>\n<td>\n<p>no_more_select_country<\/p>\n<\/td>\n<td>\n<p>Alcatel<\/p>\n<\/td>\n<td>\n<p>P\u0159esko\u010den\u00ed zobrazen\u00ed dialogov\u00e9ho okna volby zem\u011b.<\/p>\n<\/td>\n<td>\n<p>365\u00a0dn\u016f<\/p>\n<\/td>\n<td>\n<p>html<\/p>\n<\/td>\n<\/tr>\n<tr>\n<td>\n<p>no_show_gdpr<\/p>\n<\/td>\n<td>\n<p>Alcatel<\/p>\n<\/td>\n<td>\n<p>P\u0159esko\u010den\u00ed zobrazen\u00ed dialogov\u00e9ho okna ozn\u00e1men\u00ed o GDPR.<\/p>\n<\/td>\n<td>\n<p>365\u00a0dn\u016f<\/p>\n<\/td>\n<td>\n<p>html<\/p>\n<\/td>\n<\/tr>\n<tr>\n<td>\n<p>gdpr_preference<\/p>\n<\/td>\n<td>\n<p>Alcatel<\/p>\n<\/td>\n<td>\n<p>Zapamatov\u00e1n\u00ed preferenc\u00ed str\u00e1nky.<\/p>\n<\/td>\n<td>\n<p>365\u00a0dn\u016f<\/p>\n<\/td>\n<td>\n<p>html<\/p>\n<\/td>\n<\/tr>\n<tr>\n<td>\n<p>gdpr_tracking<\/p>\n<\/td>\n<td>\n<p>Alcatel<\/p>\n<\/td>\n<td>\n<p>Zapamatov\u00e1n\u00ed zapnut\u00ed statistik.<\/p>\n<\/td>\n<td>\n<p>365\u00a0dn\u016f<\/p>\n<\/td>\n<td>\n<p>html<\/p>\n<\/td>\n<\/tr>\n<\/tbody>\n<\/table>\n<ul>\n<li>Google Analytics (V\u00edce informac\u00ed naleznete na str\u00e1nk\u00e1ch <a href=\"https:\/\/policies.google.com\/privacy?hl=en\">z\u00e1sad ochrany soukrom\u00ed<\/a> a <a href=\"https:\/\/developers.google.com\/analytics\/devguides\/collection\/analyticsjs\/cookie-usage\">webov\u00fdch str\u00e1nk\u00e1ch<\/a> spole\u010dnosti Google.)<\/li>\n<\/ul>\n<p>Pou\u017e\u00edv\u00e1me n\u00e1stroj na anal\u00fdzu webov\u00e9ho provozu Google Analytics, kter\u00fd n\u00e1m pom\u00e1h\u00e1 porozum\u011bt, jak u\u017eivatel\u00e9 vyu\u017e\u00edvaj\u00ed \u00fa\u010det Alcatel a dal\u0161\u00ed webov\u00e9 str\u00e1nky \/ aplikaci spole\u010dnosti Alcatel. N\u00e1stroj Google Analytics sleduje V\u00e1\u0161 pohyb po na\u0161ich str\u00e1nk\u00e1ch (tj. kter\u00e9 str\u00e1nky jste nav\u0161t\u00edvili a na kter\u00e9 odkazy jste klikli) a pom\u00e1h\u00e1 n\u00e1m vyhodnocovat Va\u0161i interakci s nab\u00edzen\u00fdm obsahem. Tyto informace se pou\u017e\u00edvaj\u00ed k vytv\u00e1\u0159en\u00ed zpr\u00e1v a pom\u00e1haj\u00ed n\u00e1m p\u0159i vylep\u0161ov\u00e1n\u00ed \u00fa\u010dtu Alcatel a dal\u0161\u00edch webov\u00fdch str\u00e1nek \/ aplikace spole\u010dnosti Alcatel. Zpr\u00e1vy obsahuj\u00ed informace o pou\u017e\u00edv\u00e1n\u00ed webov\u00fdch str\u00e1nek, ani\u017e by identifikovaly jednotliv\u00e9 n\u00e1v\u0161t\u011bvn\u00edky. N\u00e1stroj Google Analytics m\u016f\u017eete vypnout bez ovlivn\u011bn\u00ed Va\u0161eho pou\u017e\u00edv\u00e1n\u00ed na\u0161ich str\u00e1nek. V\u00edce informac\u00ed o mo\u017enosti vypnut\u00ed n\u00e1stroje Google Analytics na v\u0161ech V\u00e1mi pou\u017e\u00edvan\u00fdch webov\u00fdch str\u00e1nk\u00e1ch naleznete na webov\u00fdch str\u00e1nk\u00e1ch spole\u010dnosti Google:\u00a0<a href=\"https:\/\/tools.google.com\/dlpage\/gaoptout\">https:\/\/tools.google.com\/dlpage\/gaoptout<\/a>.<\/p>\n<p>Platnost t\u011bchto automatizovan\u00fdch sb\u011brn\u00fdch n\u00e1stroj\u016f uplyne po 1 roce, pokud je neodstran\u00edte d\u0159\u00edve pomoc\u00ed nastaven\u00ed prohl\u00ed\u017ee\u010de nebo telefonu.<\/p>\n<p><u>Kategorie 3 \u2013 funk\u010dn\u00ed n\u00e1stroje<\/u><\/p>\n<p>Tyto automatizovan\u00e9 sb\u011brn\u00e9 n\u00e1stroje umo\u017e\u0148uj\u00ed slu\u017eb\u00e1m Alcatel Materials zapamatovat si V\u00e1mi u\u010din\u011bn\u00e9 volby. Umo\u017e\u0148uj\u00ed n\u00e1m zapamatovat si Va\u0161e u\u017eivatelsk\u00e9 jm\u00e9no, jazyk a zm\u011bny proveden\u00e9 v r\u016fzn\u00fdch dal\u0161\u00edch \u010d\u00e1stech na\u0161ich slu\u017eeb, kter\u00e9 m\u016f\u017eete upravovat.<\/p>\n<p>C\u00edlem t\u011bchto automatizovan\u00fdch sb\u011brn\u00fdch n\u00e1stroj\u016f je nab\u00eddnout V\u00e1m p\u0159izp\u016fsoben\u011bj\u0161\u00ed prost\u0159ed\u00ed, abyste nemuseli nastavovat sv\u00e9 volby poka\u017ed\u00e9, kdy\u017e n\u00e1s nav\u0161t\u00edv\u00edte.<\/p>\n<p>Funk\u010dn\u00ed automatizovan\u00e9 sb\u011brn\u00e9 n\u00e1stroje pou\u017e\u00edv\u00e1me tak\u00e9 k tomu, abychom V\u00e1m umo\u017enili p\u0159id\u00e1vat koment\u00e1\u0159e v diskus\u00edch na f\u00f3ru nebo vyu\u017e\u00edvat roz\u0161\u00ed\u0159en\u00e9 slu\u017eby, jako je sledov\u00e1n\u00ed videa na na\u0161ich str\u00e1nk\u00e1ch.<\/p>\n<p>N\u011bkter\u00e9 z t\u011bchto automatizovan\u00fdch sb\u011brn\u00fdch n\u00e1stroj\u016f jsou poskytov\u00e1ny n\u00e1sleduj\u00edc\u00edmi t\u0159et\u00edmi stranami:<\/p>\n<table width=\"640\">\n<thead>\n<tr>\n<td>\n<p><strong>N\u00e1zev<\/strong><\/p>\n<\/td>\n<td>\n<p><strong>Poskytovatel<\/strong><\/p>\n<\/td>\n<td>\n<p><strong>\u00da\u010del<\/strong><\/p>\n<\/td>\n<td>\n<p><strong>Platnost<\/strong><\/p>\n<\/td>\n<td>\n<p><strong>Typ<\/strong><\/p>\n<\/td>\n<\/tr>\n<\/thead>\n<tbody>\n<tr>\n<td>\n<p>_ga<\/p>\n<\/td>\n<td>\n<p><a href=\"https:\/\/policies.google.com\/privacy\">Google Tag Manager<\/a><\/p>\n<\/td>\n<td>\n<p>Zaznamen\u00e1v\u00e1 jedine\u010dn\u00fd identifika\u010dn\u00ed znak, kter\u00fd slou\u017e\u00ed k vytv\u00e1\u0159en\u00ed statistick\u00fdch dat o zp\u016fsobu pou\u017e\u00edv\u00e1n\u00ed webov\u00fdch str\u00e1nek n\u00e1v\u0161t\u011bvn\u00edkem.<\/p>\n<\/td>\n<td>\n<p>365\u00a0dn\u016f<\/p>\n<\/td>\n<td>\n<p>http<\/p>\n<\/td>\n<\/tr>\n<tr>\n<td>\n<p>_gat_gtag_UA_107287510_1<\/p>\n<\/td>\n<td>\n<p><a href=\"https:\/\/policies.google.com\/privacy\">Google Tag Manager<\/a><\/p>\n<\/td>\n<td>\n<p>Pou\u017e\u00edvan\u00fd n\u00e1strojem Google Analytics pro omezen\u00ed rychlosti opakov\u00e1n\u00ed po\u017eadavk\u016f.<\/p>\n<\/td>\n<td>\n<p>1\u00a0den<\/p>\n<\/td>\n<td>\n<p>http<\/p>\n<\/td>\n<\/tr>\n<tr>\n<td>\n<p>_gid<\/p>\n<\/td>\n<td>\n<p><a href=\"https:\/\/policies.google.com\/privacy\">Google Tag Manager<\/a><\/p>\n<\/td>\n<td>\n<p>Zaznamen\u00e1v\u00e1 jedine\u010dn\u00fd identifika\u010dn\u00ed znak, kter\u00fd slou\u017e\u00ed k vytv\u00e1\u0159en\u00ed statistick\u00fdch dat o zp\u016fsobu pou\u017e\u00edv\u00e1n\u00ed webov\u00fdch str\u00e1nek n\u00e1v\u0161t\u011bvn\u00edkem.<\/p>\n<\/td>\n<td>\n<p>1\u00a0den<\/p>\n<\/td>\n<td>\n<p>http<\/p>\n<\/td>\n<\/tr>\n<\/tbody>\n<\/table>\n<p>Platnost t\u011bchto automatizovan\u00fdch sb\u011brn\u00fdch n\u00e1stroj\u016f uplyne po 1 roce, pokud je neodstran\u00edte d\u0159\u00edve pomoc\u00ed nastaven\u00ed prohl\u00ed\u017ee\u010de nebo telefonu.<\/p>\n<p><u>Spr\u00e1va automatizovan\u00fdch sb\u011brn\u00fdch n\u00e1stroj\u016f<\/u><\/p>\n<p>Pokud si nep\u0159ejete soubory cookie p\u0159ij\u00edmat, m\u016f\u017eete nastavit sv\u016fj prohl\u00ed\u017ee\u010d tak, aby soubory cookie nep\u0159ij\u00edmal nebo aby V\u00e1s upozornil na um\u00edst\u011bn\u00ed souboru cookie na Va\u0161e za\u0159\u00edzen\u00ed. Soubory cookie m\u016f\u017eete tak\u00e9 odstranit ihned po opu\u0161t\u011bn\u00ed \u00fa\u010dtu Alcatel nebo jin\u00fdch webov\u00fdch str\u00e1nek \/ aplikace spole\u010dnosti Alcatel. P\u0159i n\u00e1v\u0161t\u011bv\u011b \u00fa\u010dtu Alcatel nemus\u00edte m\u00edt schv\u00e1leno pou\u017e\u00edv\u00e1n\u00ed soubor\u016f cookie, av\u0161ak pokud prohl\u00ed\u017ee\u010d nastav\u00edte tak, aby soubory cookie nep\u0159ij\u00edmal, mo\u017en\u00e1 nebudete moci pou\u017e\u00edvat ve\u0161ker\u00e9 funkce \u00fa\u010dtu Alcatel nebo jin\u00fdch webov\u00fdch str\u00e1nek \/ aplikace spole\u010dnosti Alcatel.<\/p>\n<p>U v\u011bt\u0161iny prohl\u00ed\u017ee\u010d\u016f nap\u0159\u00edklad naleznete v panelu n\u00e1stroj\u016f \u010d\u00e1st N\u00e1pov\u011bda, kde se dozv\u00edte, jak v prohl\u00ed\u017ee\u010di zak\u00e1zat p\u0159\u00edjem nov\u00fdch soubor\u016f cookie, jak prohl\u00ed\u017ee\u010d nastavit, aby V\u00e1s upozornil na p\u0159ijet\u00ed nov\u00fdch automatizovan\u00fdch sb\u011brn\u00fdch n\u00e1stroj\u016f, a jak zcela vypnout automatizovan\u00e9 sb\u011brn\u00e9 n\u00e1stroje. V\u00edce informac\u00ed ohledn\u011b nejb\u011b\u017en\u011bj\u0161\u00edch prohl\u00ed\u017ee\u010d\u016f naleznete na n\u00e1sleduj\u00edc\u00edch p\u0159\u00edslu\u0161n\u00fdch odkazech:\u00a0<a href=\"https:\/\/support.google.com\/accounts\/answer\/61416?co=GENIE.Platform%3DDesktop&amp;hl=en\">Google Chrome<\/a>;\u00a0<a href=\"https:\/\/privacy.microsoft.com\/en-us\/windows-10-microsoft-edge-and-privacy\">Microsoft Edge<\/a>;\u00a0<a href=\"https:\/\/support.mozilla.org\/en-US\/kb\/enable-and-disable-cookies-website-preferences\">Mozilla<\/a>\u00a0Firefox;\u00a0<a href=\"https:\/\/support.microsoft.com\/en-gb\/help\/17442\/windows-internet-explorer-delete-manage-cookies\">Microsoft Internet Explorer<\/a>;\u00a0<a href=\"https:\/\/www.opera.com\/help\/tutorials\/security\/privacy\/\">Opera<\/a>\u00a0a\u00a0<a href=\"https:\/\/support.apple.com\/kb\/ph21411?locale=en_US\">Apple Safari<\/a>.\u00a0<\/p>\n<p>Kde je to vy\u017eadov\u00e1no z\u00e1konem, tam V\u00e1m p\u0159i prvn\u00ed n\u00e1v\u0161t\u011bv\u011b na\u0161ich webov\u00fdch str\u00e1nek \/ aplikace zobraz\u00edme okno informuj\u00edc\u00ed o pou\u017eit\u00ed soubor\u016f cookie, kde se uv\u00e1d\u00ed, jak\u00e9 druhy automatizovan\u00fdch sb\u011brn\u00fdch n\u00e1stroj\u016f pou\u017e\u00edv\u00e1me, a kde V\u00e1s po\u017e\u00e1d\u00e1me o souhlas s pou\u017eit\u00edm n\u011bkter\u00fdch automatizovan\u00fdch sb\u011brn\u00fdch n\u00e1stroj\u016f.<\/p>\n<p><u>Osobn\u00ed \u00fadaje z\u00edsk\u00e1van\u00e9 prost\u0159ednictv\u00edm automatizovan\u00fdch sb\u011brn\u00fdch n\u00e1stroj\u016f<\/u><\/p>\n<p>Osobn\u00ed \u00fadaje z\u00edsk\u00e1van\u00e9 prost\u0159ednictv\u00edm automatizovan\u00fdch sb\u011brn\u00fdch n\u00e1stroj\u016f pou\u017e\u00edv\u00e1me pro \u00fa\u010dely uveden\u00e9 v na\u0161ich z\u00e1sad\u00e1ch ochrany soukrom\u00ed <em>[<\/em><a href=\"https:\/\/www.alcatelmobile.com\/privacy\/\">https:\/\/www.alcatelmobile.com\/privacy\/<\/a><em>]<\/em>. U soubor\u016f cookie, k jejich\u017e pou\u017eit\u00ed po\u017eadujeme V\u00e1\u0161 souhlas, vyu\u017e\u00edv\u00e1me tento souhlas tak\u00e9 jako pr\u00e1vn\u00ed z\u00e1klad ke zpracov\u00e1v\u00e1n\u00ed osobn\u00edch \u00fadaj\u016f z\u00edskan\u00fdch prost\u0159ednictv\u00edm t\u011bchto soubor\u016f cookie.<\/p>\n<p><u>Zm\u011bny Ozn\u00e1men\u00ed o pou\u017e\u00edv\u00e1n\u00ed soubor\u016f cookie<\/u><\/p>\n<p>Toto Ozn\u00e1men\u00ed o pou\u017e\u00edv\u00e1n\u00ed soubor\u016f cookie m\u016f\u017eeme \u010das od \u010dasu aktualizovat. V p\u0159\u00edpad\u011b v\u011bcn\u00fdch zm\u011bn tohoto Ozn\u00e1men\u00ed o pou\u017e\u00edv\u00e1n\u00ed soubor\u016f cookie V\u00e1s budeme informovat prost\u0159ednictv\u00edm ozn\u00e1men\u00ed na na\u0161ich webov\u00fdch str\u00e1nk\u00e1ch, zasl\u00e1n\u00edm e-mailov\u00e9ho ozn\u00e1men\u00ed nebo jin\u00fdmi prost\u0159edky p\u0159\u00edpustn\u00fdmi podle platn\u00e9ho z\u00e1kona.<\/p>\n<ul>\n<li>zaznamenat, \u017ee jste p\u0159ihl\u00e1\u0161eni ke sv\u00e9mu \u00fa\u010dtu;<\/li>\n<li>zaznamenat, kdy\u017e n\u00e1m v p\u0159\u00edpad\u011b pot\u0159eby poskytnete svolen\u00ed pou\u017e\u00edvat automatizovan\u00e9 sb\u011brn\u00e9 n\u00e1stroje;<\/li>\n<li>poskytovat V\u00e1m v\u00fdrobky a slu\u017eby a spravovat transakce, v\u010detn\u011b umo\u017en\u011bn\u00ed webov\u00fdm str\u00e1nk\u00e1m a dal\u0161\u00edm slu\u017eb\u00e1m Alcatel Materials zapamatovat si zbo\u017e\u00ed, kter\u00e9 jste vlo\u017eili do n\u00e1kupn\u00edho ko\u0161\u00edku, nebo informace, kter\u00e9 jste zadali do formul\u00e1\u0159\u016f;<\/li>\n<li>zobrazit V\u00e1mi zaslan\u00e9 recenze v\u00fdrobk\u016f;<\/li>\n<li>zajistit nezbytn\u00e9 zabezpe\u010den\u00ed, kter\u00e9 od slu\u017eeb Alcatel Materials vy\u017eadujete, nap\u0159\u00edklad monitorov\u00e1n\u00edm provozu a n\u00e1v\u0161t\u011bv za \u00fa\u010delem z\u00edsk\u00e1n\u00ed informac\u00ed o potenci\u00e1ln\u00edch bezpe\u010dnostn\u00edch hrozb\u00e1ch (<em>nap\u0159.<\/em> v p\u0159\u00edpad\u011b neobvykle vysok\u00e9ho nebo rychl\u00e9ho provozu);<\/li>\n<li>zajistit rychl\u00e9 nahr\u00e1v\u00e1n\u00ed V\u00e1mi vy\u017e\u00e1dan\u00e9ho obsahu slu\u017eeb Alcatel Materials.<\/li>\n<\/ul><\/div>\n\t\t\t\t<\/div>\n\t\t\t\t<\/div>\n\t\t\t\t\t\t<\/div>\n\t\t\t<\/div>\n\t\t<\/div>\n\t\t\t\t\t\t<\/div>\n\t\t\t<\/div>\n\t\t<\/section>\n\t\t\t\t\t\t<\/div>\n\t\t\t<\/div>\n\t\t<\/div>\n\t\t","protected":false},"excerpt":{"rendered":"<p>Z\u00e1sady pou\u017e\u00edv\u00e1n\u00ed soubor\u016f cookie Soubory \u201ecookie\u201c a podo &hellip;<\/p>\n<p class=\"read-more\"> <a class=\"\" href=\"https:\/\/www.alcatelmobile.com\/cz\/cookie-policy\/\"> <span class=\"screen-reader-text\">Z\u00e1sady pou\u017e\u00edv\u00e1n\u00ed soubor\u016f cookie<\/span> Read More &raquo;<\/a><\/p>\n","protected":false},"author":1,"featured_media":0,"parent":0,"menu_order":0,"comment_status":"closed","ping_status":"closed","template":"","meta":[],"_links":{"self":[{"href":"https:\/\/www.alcatelmobile.com\/cz\/content\/wp-json\/wp\/v2\/pages\/26275"}],"collection":[{"href":"https:\/\/www.alcatelmobile.com\/cz\/content\/wp-json\/wp\/v2\/pages"}],"about":[{"href":"https:\/\/www.alcatelmobile.com\/cz\/content\/wp-json\/wp\/v2\/types\/page"}],"author":[{"embeddable":true,"href":"https:\/\/www.alcatelmobile.com\/cz\/content\/wp-json\/wp\/v2\/users\/1"}],"replies":[{"embeddable":true,"href":"https:\/\/www.alcatelmobile.com\/cz\/content\/wp-json\/wp\/v2\/comments?post=26275"}],"version-history":[{"count":6,"href":"https:\/\/www.alcatelmobile.com\/cz\/content\/wp-json\/wp\/v2\/pages\/26275\/revisions"}],"predecessor-version":[{"id":29433,"href":"https:\/\/www.alcatelmobile.com\/cz\/content\/wp-json\/wp\/v2\/pages\/26275\/revisions\/29433"}],"wp:attachment":[{"href":"https:\/\/www.alcatelmobile.com\/cz\/content\/wp-json\/wp\/v2\/media?parent=26275"}],"curies":[{"name":"wp","href":"https:\/\/api.w.org\/{rel}","templated":true}]}}