{"id":19561,"date":"2019-07-03T13:39:33","date_gmt":"2019-07-03T05:39:33","guid":{"rendered":"https:\/\/www.alcatelmobile.com\/?post_type=product&#038;p=19561"},"modified":"2021-11-04T16:17:20","modified_gmt":"2021-11-04T08:17:20","slug":"alcatel-3025","status":"publish","type":"product","link":"https:\/\/www.alcatelmobile.com\/cz\/product\/feature-phone\/all-feature-phones\/alcatel-3025\/","title":{"rendered":"Alcatel 3025"},"content":{"rendered":"","protected":false},"excerpt":{"rendered":"<p>Stylov\u00fd 3G telefon v\u00e9\u010dkov\u00e9 konstrukce s\u00a0velk\u00fdm 2,8 palcov\u00fdm displejem<\/p>\n","protected":false},"featured_media":28092,"template":"","meta":[],"_links":{"self":[{"href":"https:\/\/www.alcatelmobile.com\/cz\/content\/wp-json\/wp\/v2\/product\/19561"}],"collection":[{"href":"https:\/\/www.alcatelmobile.com\/cz\/content\/wp-json\/wp\/v2\/product"}],"about":[{"href":"https:\/\/www.alcatelmobile.com\/cz\/content\/wp-json\/wp\/v2\/types\/product"}],"version-history":[{"count":13,"href":"https:\/\/www.alcatelmobile.com\/cz\/content\/wp-json\/wp\/v2\/product\/19561\/revisions"}],"predecessor-version":[{"id":29690,"href":"https:\/\/www.alcatelmobile.com\/cz\/content\/wp-json\/wp\/v2\/product\/19561\/revisions\/29690"}],"wp:featuredmedia":[{"embeddable":true,"href":"https:\/\/www.alcatelmobile.com\/cz\/content\/wp-json\/wp\/v2\/media\/28092"}],"wp:attachment":[{"href":"https:\/\/www.alcatelmobile.com\/cz\/content\/wp-json\/wp\/v2\/media?parent=19561"}],"curies":[{"name":"wp","href":"https:\/\/api.w.org\/{rel}","templated":true}]}}