{"id":28244,"date":"2020-02-12T16:05:37","date_gmt":"2020-02-12T08:05:37","guid":{"rendered":"https:\/\/www.alcatelmobile.com\/cz\/?post_type=product&#038;p=28244"},"modified":"2021-09-29T17:48:52","modified_gmt":"2021-09-29T09:48:52","slug":"alcatel-1s-2020","status":"publish","type":"product","link":"https:\/\/www.alcatelmobile.com\/cz\/product\/smartphone\/alcatel1\/alcatel-1s-2020\/","title":{"rendered":"Alcatel 1S (2020)"},"content":{"rendered":"","protected":false},"excerpt":{"rendered":"<p>Lep\u0161\u00ed fotky d\u00edky inteligentn\u00edmu trojit\u00e9mu fotoapar\u00e1tu<\/p>\n","protected":false},"featured_media":28224,"template":"","meta":[],"_links":{"self":[{"href":"https:\/\/www.alcatelmobile.com\/cz\/content\/wp-json\/wp\/v2\/product\/28244"}],"collection":[{"href":"https:\/\/www.alcatelmobile.com\/cz\/content\/wp-json\/wp\/v2\/product"}],"about":[{"href":"https:\/\/www.alcatelmobile.com\/cz\/content\/wp-json\/wp\/v2\/types\/product"}],"version-history":[{"count":6,"href":"https:\/\/www.alcatelmobile.com\/cz\/content\/wp-json\/wp\/v2\/product\/28244\/revisions"}],"predecessor-version":[{"id":29609,"href":"https:\/\/www.alcatelmobile.com\/cz\/content\/wp-json\/wp\/v2\/product\/28244\/revisions\/29609"}],"wp:featuredmedia":[{"embeddable":true,"href":"https:\/\/www.alcatelmobile.com\/cz\/content\/wp-json\/wp\/v2\/media\/28224"}],"wp:attachment":[{"href":"https:\/\/www.alcatelmobile.com\/cz\/content\/wp-json\/wp\/v2\/media?parent=28244"}],"curies":[{"name":"wp","href":"https:\/\/api.w.org\/{rel}","templated":true}]}}