{"id":26275,"date":"2019-07-11T10:58:53","date_gmt":"2019-07-11T02:58:53","guid":{"rendered":"https:\/\/www.alcatelmobile.com\/?page_id=26275"},"modified":"2021-07-07T14:35:03","modified_gmt":"2021-07-07T06:35:03","slug":"cookie-policy","status":"publish","type":"page","link":"https:\/\/www.alcatelmobile.com\/de\/cookie-policy\/","title":{"rendered":"Cookie-Richtlinie"},"content":{"rendered":"\t\t<div data-elementor-type=\"post\" data-elementor-id=\"26275\" class=\"elementor elementor-26275\" data-elementor-settings=\"[]\">\n\t\t\t<div class=\"elementor-inner\">\n\t\t\t\t<div class=\"elementor-section-wrap\">\n\t\t\t\t\t\t\t<section class=\"elementor-element elementor-element-4862f035 mi-no-height elementor-section-boxed elementor-section-height-default elementor-section-height-default elementor-section elementor-top-section\" data-id=\"4862f035\" data-element_type=\"section\">\n\t\t\t\t\t\t<div class=\"elementor-container elementor-column-gap-no\">\n\t\t\t\t<div class=\"elementor-row\">\n\t\t\t\t<div class=\"elementor-element elementor-element-7a0bfd04 elementor-column elementor-col-100 elementor-top-column\" data-id=\"7a0bfd04\" data-element_type=\"column\">\n\t\t\t<div class=\"elementor-column-wrap  elementor-element-populated\">\n\t\t\t\t\t<div class=\"elementor-widget-wrap\">\n\t\t\t\t<div class=\"elementor-element elementor-element-6765cc07 elementor-widget elementor-widget-html\" data-id=\"6765cc07\" data-element_type=\"widget\" data-widget_type=\"html.default\">\n\t\t\t\t<div class=\"elementor-widget-container\">\n\t\t\t<div id=\"mi-alternative-menu-bottom-border-color\" data-alt-class=\"mi-dark-bottom-border\"><\/div>\t\t<\/div>\n\t\t\t\t<\/div>\n\t\t\t\t\t\t<\/div>\n\t\t\t<\/div>\n\t\t<\/div>\n\t\t\t\t\t\t<\/div>\n\t\t\t<\/div>\n\t\t<\/section>\n\t\t\t\t<section class=\"elementor-element elementor-element-1deda77d elementor-section-boxed elementor-section-height-default elementor-section-height-default elementor-section elementor-top-section\" data-id=\"1deda77d\" data-element_type=\"section\">\n\t\t\t\t\t\t<div class=\"elementor-container elementor-column-gap-no\">\n\t\t\t\t<div class=\"elementor-row\">\n\t\t\t\t<div class=\"elementor-element elementor-element-16052129 elementor-column elementor-col-100 elementor-top-column\" data-id=\"16052129\" data-element_type=\"column\">\n\t\t\t<div class=\"elementor-column-wrap  elementor-element-populated\">\n\t\t\t\t\t<div class=\"elementor-widget-wrap\">\n\t\t\t\t<div class=\"elementor-element elementor-element-133c6fc4 elementor-widget elementor-widget-theme-post-title elementor-page-title elementor-widget-heading\" data-id=\"133c6fc4\" data-element_type=\"widget\" data-widget_type=\"theme-post-title.default\">\n\t\t\t\t<div class=\"elementor-widget-container\">\n\t\t\t<h1 class=\"elementor-heading-title elementor-size-default\">Cookie-Richtlinie<\/h1>\t\t<\/div>\n\t\t\t\t<\/div>\n\t\t\t\t<div class=\"elementor-element elementor-element-75a7ef72 mi-general-text mi-hyperlink-blue elementor-widget elementor-widget-text-editor\" data-id=\"75a7ef72\" data-element_type=\"widget\" data-widget_type=\"text-editor.default\">\n\t\t\t\t<div class=\"elementor-widget-container\">\n\t\t\t\t\t<div class=\"elementor-text-editor elementor-clearfix\"><p>Wir verwenden Cookies und \u00e4hnliche Web-Technologien, einschlie\u00dflich Z\u00e4hlpixel bzw. Web-Beacons (\u201eAutomatische Datenerfassungstools\u201c) zur Unterst\u00fctzung bestimmter Funktionen des Alcatel-Kontos und anderer, von uns betriebener Websites und Anwendungen. Diese Automatischen Tools sind Codes, die auf ihrem Ger\u00e4t platziert werden. Dank der Automatischen Datenerfassungstools kann die Website Ihren Browser oder Ihr Ger\u00e4t w\u00e4hrend Ihres Besuchs bzw. erneuten Besuchs auf der Alcatel-Website\/Anwendung erkennen. Wir verwenden folgende Automatische Datenerfassungstools:<\/p>\n<p><u>Kategorie 1 \u2013 Unbedingt erforderliche Cookies:<\/u><\/p>\n<p>Wir verwenden bestimmte Automatische Datenerfassungstools, die f\u00fcr den Betrieb des Alcatel-Materials unabdingbar sind und die es uns erm\u00f6glichen, die von Ihnen ausdr\u00fccklich beantragten Services zu erbringen. Dank dieser Art von Automatischen Datenerfassungstools k\u00f6nnen wir<\/p>\n<ul>\n<li>registrieren, dass Sie sich in Ihr Konto eingeloggt haben.<\/li>\n<li>registrieren, dass Sie uns die Genehmigung erteilt haben, die Automatischen Datenerfassungstools zu verwenden (falls zutreffend).<\/li>\n<li>Ihnen Produkte und Serviceleistungen anbieten sowie Vorg\u00e4nge bearbeiten, d.\u00a0h. wir k\u00f6nnen u.\u00a0a. die Websites oder weiteres Alcatel-Material dazu bef\u00e4higen, die Produkte, die Sie In Ihren Warenkorb legen bzw. die Daten, die Sie in die Web-Formulare eingeben, zu speichern.<\/li>\n<li>das Produkt-Feedback anzeigen, das Sie uns \u00fcbermitteln.<\/li>\n<li>die notwendige Sicherheit bei Ihrer Nutzung des Alcatel-Materials gew\u00e4hrleisten; z.\u00a0B. \u00dcberwachung des Datenverkehrs und der Besuche zur Feststellung m\u00f6glicher Sicherheitsrisiken (z.\u00a0B. bei ungew\u00f6hnlich hohem oder schnellem Datenverkehr).<\/li>\n<li>sicherstellen, dass die Inhalte des von Ihnen beantragten Alcatel-Materials schnell angezeigt werden.<\/li>\n<\/ul>\n<p>Ohne diese Automatische Datenerfassungstools k\u00f6nnen wir die von Ihnen beantragten Services nicht erbringen.<\/p>\n<p>Wir m\u00f6chten, dass Sie die Funktion und den Verwendungszweck dieser unverzichtbaren Automatischen Datenerfassungstools verstehen. Wir brauchen jedoch nicht Ihre Zustimmung zu deren Nutzung, da wir diese Automatische Datenerfassungstools nur anwenden, um die von Ihnen beantragten Services zu erbringen.<\/p>\n<p><u>Kategorie 2 \u2013 Performance Tools:<\/u><\/p>\n<p>Diese Automatischen Datenerfassungstools sammeln Informationen \u00fcber die Art, wie Sie das Alcatel-Material verwenden. Dadurch k\u00f6nnen wir erkennen,<\/p>\n<ul>\n<li>\u00fcber welches Ger\u00e4t und\/oder Website Sie auf das Material zugreifen.<\/li>\n<li>welches Alcatel-Material und damit verkn\u00fcpfte Funktionen Sie am h\u00e4ufigsten benutzen, sodass wir mittels dieser Daten deren Funktionsweise verbessern k\u00f6nnen.<\/li>\n<li>welche Vorlieben Sie haben, damit wir Ihnen auf unserer Website\/Anwendung relevantere Inhalte (einschlie\u00dflich Werbung) bieten k\u00f6nnen.<\/li>\n<li>ob Sie Fehlermeldungen erhalten.<\/li>\n<\/ul>\n<p>Die erhobenen Daten werden nur dazu verwendet, die Funktionsweise des Alcatel-Materials zu verbessern.<\/p>\n<p>Des Weiteren verwendet die Programmiersprache der Alcatel-Website Automatische Datenerfassungstools, die gel\u00f6scht werden, sobald Sie Ihren Browser schlie\u00dfen. Diese werden bei Beendung der Browser-Sitzung jedes Mal gel\u00f6scht. Diese Tools speichern keine Daten des Besuchers nach Beendung der Browser-Sitzung.<\/p>\n<p>Einige dieser Automatischen Datenerfassungstools werden von folgenden Drittanbietern bereitgestellt:<\/p>\n<table width=\"640\">\n<thead>\n<tr>\n<td>\n<p><strong>Name<\/strong><\/p>\n<\/td>\n<td>\n<p><strong>Anbieter<\/strong><\/p>\n<\/td>\n<td>\n<p><strong>Zweck<\/strong><\/p>\n<\/td>\n<td>\n<p><strong>Dauer<\/strong><\/p>\n<\/td>\n<td>\n<p><strong>Kategorie<\/strong><\/p>\n<\/td>\n<\/tr>\n<\/thead>\n<tbody>\n<tr>\n<td>\n<p>no_more_select_country<\/p>\n<\/td>\n<td>\n<p>Alcatel<\/p>\n<\/td>\n<td>\n<p>Dialogfeld zur Landeswahl nicht anzeigen<\/p>\n<\/td>\n<td>\n<p>365 Tage<\/p>\n<\/td>\n<td>\n<p>html<\/p>\n<\/td>\n<\/tr>\n<tr>\n<td>\n<p>no_show_gdpr<\/p>\n<\/td>\n<td>\n<p>Alcatel<\/p>\n<\/td>\n<td>\n<p>Dialogfeld mit Infos zur DSGVO nicht anzeigen<\/p>\n<\/td>\n<td>\n<p>365 Tage<\/p>\n<\/td>\n<td>\n<p>html<\/p>\n<\/td>\n<\/tr>\n<tr>\n<td>\n<p>gdpr_preference<\/p>\n<\/td>\n<td>\n<p>Alcatel<\/p>\n<\/td>\n<td>\n<p>Seiteneinstellungen speichern<\/p>\n<\/td>\n<td>\n<p>365 Tage<\/p>\n<\/td>\n<td>\n<p>html<\/p>\n<\/td>\n<\/tr>\n<tr>\n<td>\n<p>gdpr_tracking<\/p>\n<\/td>\n<td>\n<p>Alcatel<\/p>\n<\/td>\n<td>\n<p>Statistiken speichern<\/p>\n<\/td>\n<td>\n<p>365 Tage<\/p>\n<\/td>\n<td>\n<p>html<\/p>\n<\/td>\n<\/tr>\n<\/tbody>\n<\/table>\n<ul>\n<li>Google Analytics (mehr Informationen entnehmen Sie bitte der\u00a0<a href=\"https:\/\/policies.google.com\/privacy?hl=en\">Datenschutzrichtlinie<\/a>\u00a0und\u00a0<a href=\"https:\/\/developers.google.com\/analytics\/devguides\/collection\/analyticsjs\/cookie-usage\">Website<\/a> von Google)<\/li>\n<\/ul>\n<p>Wir verwenden Google Analytics. Anhand dieses Webanalyse-Tools k\u00f6nnen wir das Nutzerverhalten im Alcatel-Konto oder auf anderen Alcatel-Websites\/Anwendungen besser verstehen. Google Analytics registriert Ihr Nutzerverhalten auf unserer Website (d.\u00a0h. die Rubriken, die Sie aufrufen oder die Links, auf die sie klicken) und hilft uns, zu messen, wie Sie mit den von uns bereitgestellten Inhalten interagieren. Anhand dieser Informationen k\u00f6nnen wir Berichte erstellen und das Alcatel-Konto oder andere Alcatel-Websites\/Anwendungen verbessern. Diese Berichte zeigen das Nutzerverhalten auf, ohne dabei die Identit\u00e4t der einzelnen Besucher bekanntzugeben. Die Deaktivierung von Google Analytics schr\u00e4nkt nicht die Nutzung unserer Website ein. Mehr Informationen zur Deaktivierung von Google Analytics auf allen von Ihnen verwendeten Websites finden Sie hier bei Google:\u00a0<a href=\"https:\/\/tools.google.com\/dlpage\/gaoptout\">https:\/\/tools.google.com\/dlpage\/gaoptout<\/a>.<\/p>\n<p>Diese automatischen Tools laufen nach 1 Jahr ab, sofern Sie sie nicht vorher \u00fcber die Einstellungen Ihres Browsers oder Mobilger\u00e4ts l\u00f6schen.<\/p>\n<p><u>Kategorie 3 \u2013 Funktionale Tools<\/u><\/p>\n<p>Diese Automatischen Datenerfassungstools erm\u00f6glichen dem Alcatel-Material, Ihre Einstellungen zu speichern. Dank dieser Tools werden Ihr Nutzername, Ihre Sprache und alle \u00c4nderungen gespeichert, die Sie in den personalisierbaren Abschnitten unserer Services vornehmen.<\/p>\n<p>Ziel dieser Automatischen Datenerfassungstools ist es, Ihnen eine pers\u00f6nlichere Nutzererfahrung zu bieten, sodass Sie nicht bei jedem neuen Besuch Ihre Pr\u00e4ferenzen erneut angeben m\u00fcssen.<\/p>\n<p>Des Weiteren verwenden wir funktionale Automatische Datenerfassungstools, damit Sie an einer Forumsdiskussion teilnehmen k\u00f6nnen oder um Ihnen weitere Services wie das Abspielen eines Videos auf unserer Website zu erm\u00f6glichen.<\/p>\n<p>Einige dieser Automatischen Datenerfassungstools werden von folgenden Drittanbietern bereitgestellt:<\/p>\n<table width=\"640\">\n<thead>\n<tr>\n<td>\n<p><strong>Name<\/strong><\/p>\n<\/td>\n<td>\n<p><strong>Anbieter<\/strong><\/p>\n<\/td>\n<td>\n<p><strong>Zweck<\/strong><\/p>\n<\/td>\n<td>\n<p><strong>Dauer<\/strong><\/p>\n<\/td>\n<td>\n<p><strong>Kategorie<\/strong><\/p>\n<\/td>\n<\/tr>\n<\/thead>\n<tbody>\n<tr>\n<td>\n<p>_ga<\/p>\n<\/td>\n<td>\n<p><a href=\"https:\/\/policies.google.com\/privacy\">Google Tag Manager<\/a><\/p>\n<\/td>\n<td>\n<p>Registriert eine einmalige ID, die dazu verwendet wird, Statistiken \u00fcber das Verhalten des Besuchers auf der Website zu erfassen.<\/p>\n<\/td>\n<td>\n<p>365 Tage<\/p>\n<\/td>\n<td>\n<p>http<\/p>\n<\/td>\n<\/tr>\n<tr>\n<td>\n<p>_gat_gtag_UA_107287510_1<\/p>\n<\/td>\n<td>\n<p><a href=\"https:\/\/policies.google.com\/privacy\">Google Tag Manager<\/a><\/p>\n<\/td>\n<td>\n<p>Wird von Google Analytics dazu verwendet, die Anforderungsrate zu drosseln.<\/p>\n<\/td>\n<td>\n<p>1 Tag<\/p>\n<\/td>\n<td>\n<p>http<\/p>\n<\/td>\n<\/tr>\n<tr>\n<td>\n<p>_gid<\/p>\n<\/td>\n<td>\n<p><a href=\"https:\/\/policies.google.com\/privacy\">Google Tag Manager<\/a><\/p>\n<\/td>\n<td>\n<p>Registriert eine einmalige ID, die dazu verwendet wird, Statistiken \u00fcber das Verhalten des Besuchers auf der Website zu erfassen.<\/p>\n<\/td>\n<td>\n<p>1 Tag<\/p>\n<\/td>\n<td>\n<p>http<\/p>\n<\/td>\n<\/tr>\n<\/tbody>\n<\/table>\n<p>Diese automatischen Tools laufen nach 1 Jahr ab, sofern Sie sie nicht vorher \u00fcber die Einstellungen Ihres Browsers oder Mobilger\u00e4ts l\u00f6schen.<\/p>\n<p><u>Verwaltung der Automatischen Datenerfassungstools<\/u><\/p>\n<p>Wenn Sie keine Cookies erhalten m\u00f6chten, k\u00f6nnen Sie Ihren Browser so einstellen, dass die Cookies abgelehnt werden bzw. Sie eine Meldung erhalten, wenn ein Cookie an Ihr Ger\u00e4t gesendet wird. Sie k\u00f6nnen die Cookies auch l\u00f6schen, sobald Sie das Alcatel-Konto oder die Alcatel-Website\/Anwendung verlassen. Wenn Sie Ihren Browser so einstellen, dass die Cookies abgelehnt werden, werden Sie bei Zugriff auf das Alcatel-Konto nicht mehr gebeten, die Cookies zu akzeptieren. Es k\u00f6nnte jedoch sein, dass Sie nicht alle Services und Funktionen des Alcatel-Kontos oder der Alcatel-Website\/Anwendung benutzen k\u00f6nnen.<\/p>\n<p>\u00dcber das Hilfemen\u00fc auf der Symbolleiste der meisten Browser erfahren Sie zum Beispiel, wie Sie den Browser so einstellen k\u00f6nnen, dass er keine neuen Cookies akzeptiert, dass er ihnen meldet, wenn sie neue Automatische Datenerfassungstools erhalten und wie Sie Letztere v\u00f6llig deaktivieren k\u00f6nnen. \u00dcber folgende Links finden Sie mehr Informationen zu den meist verwendeten Browsern:\u00a0<a href=\"https:\/\/support.google.com\/accounts\/answer\/61416?co=GENIE.Platform%3DDesktop&amp;hl=en\">Google Chrome<\/a>;\u00a0<a href=\"https:\/\/privacy.microsoft.com\/en-us\/windows-10-microsoft-edge-and-privacy\">Microsoft Edge<\/a>;\u00a0<a href=\"https:\/\/support.mozilla.org\/en-US\/kb\/enable-and-disable-cookies-website-preferences\">Mozilla<\/a>\u00a0Firefox;\u00a0<a href=\"https:\/\/support.microsoft.com\/en-gb\/help\/17442\/windows-internet-explorer-delete-manage-cookies\">Microsoft Internet Explorer<\/a>;\u00a0<a href=\"https:\/\/www.opera.com\/help\/tutorials\/security\/privacy\/\">Opera<\/a>\u00a0und\u00a0<a href=\"https:\/\/support.apple.com\/kb\/ph21411?locale=en_US\">Apple Safari<\/a>.<\/p>\n<p>Wenn dies gesetzlich vorgeschrieben ist, erscheint bei Ihrem ersten Besuch unserer Website\/Anwendung eine Cookie-Meldung, aus der Sie entnehmen k\u00f6nnen, welche Automatischen Datenerfassungstools wir verwenden und welche davon Ihrer Genehmigung bed\u00fcrfen.<\/p>\n<p><u>Personenbezogene Daten, die von den Automatischen Datenerfassungstools erhoben werden<\/u><\/p>\n<p>Die mittels der Automatischen Datenerfassungstools erhobenen personenbezogenen Daten werden f\u00fcr die in unserer Datenschutzrichtlinie festgelegten Zwecke verwendet\u00a0<em>[<\/em><a href=\"https:\/\/www.alcatelmobile.com\/privacy\/\">https:\/\/www.alcatelmobile.com\/privacy\/<\/a><em>]<\/em>. Im Fall von Cookies, deren Platzierung Ihrer Genehmigung bed\u00fcrfen, dient diese Genehmigung auch als rechtliche Grundlage f\u00fcr die Verarbeitung der personenbezogenen Daten, die von diesen Cookies erfasst werden.<\/p>\n<p><u>\u00c4nderungen dieser Cookie-Richtlinie<\/u><\/p>\n<p>Diese Cookie-Richtlinie kann von Zeit zu Zeit aktualisiert werden. Bei \u00c4nderungen dieser Cookie-Richtlinie werden wir Sie entweder anhand einer Meldung auf unserer Website, einer E-Mail oder anderer gesetzlich zugelassener Mittel benachrichtigen.<\/p>\n<ul>\n<li>registrieren, dass Sie sich in Ihr Konto eingeloggt haben.<\/li>\n<li>registrieren, dass Sie uns die Genehmigung erteilt haben, die Automatischen Datenerfassungstools zu verwenden (falls zutreffend).<\/li>\n<li>Ihnen Produkte und Serviceleistungen anbieten sowie Vorg\u00e4nge bearbeiten, d.\u00a0h. wir k\u00f6nnen u.\u00a0a. die Websites oder weiteres Alcatel-Material dazu bef\u00e4higen, die Produkte, die Sie In Ihren Warenkorb legen bzw. die Daten, die Sie in die Web-Formulare eingeben, zu speichern.<\/li>\n<li>das Produkt-Feedback anzeigen, das Sie uns \u00fcbermitteln.<\/li>\n<li>die notwendige Sicherheit bei Ihrer Nutzung des Alcatel-Materials gew\u00e4hrleisten; z.\u00a0B. \u00dcberwachung des Datenverkehrs und der Besuche zur Feststellung m\u00f6glicher Sicherheitsrisiken (z.\u00a0B. bei ungew\u00f6hnlich hohem oder schnellem Datenverkehr).<\/li>\n<li>sicherstellen, dass die Inhalte des von Ihnen beantragten Alcatel-Materials schnell angezeigt werden.<\/li>\n<\/ul><\/div>\n\t\t\t\t<\/div>\n\t\t\t\t<\/div>\n\t\t\t\t\t\t<\/div>\n\t\t\t<\/div>\n\t\t<\/div>\n\t\t\t\t\t\t<\/div>\n\t\t\t<\/div>\n\t\t<\/section>\n\t\t\t\t\t\t<\/div>\n\t\t\t<\/div>\n\t\t<\/div>\n\t\t","protected":false},"excerpt":{"rendered":"<p>Wir verwenden Cookies und \u00e4hnliche Web-Technologien, einschlie\u00dflich Z\u00e4hlpixel bzw. Web-Beacons (\u201eAutomatische Datenerfassungstools\u201c) zur Unterst\u00fctzung bestimmter Funktionen des Alcatel-Kontos und anderer, von uns betriebener Websites und Anwendungen. Diese Automatischen Tools sind Codes, die auf ihrem Ger\u00e4t platziert werden. Dank der Automatischen Datenerfassungstools kann die Website Ihren Browser oder Ihr Ger\u00e4t w\u00e4hrend Ihres Besuchs bzw. erneuten Besuchs &hellip;<\/p>\n<p class=\"read-more\"> <a class=\"\" href=\"https:\/\/www.alcatelmobile.com\/de\/cookie-policy\/\"> <span class=\"screen-reader-text\">Cookie-Richtlinie<\/span> Read More &raquo;<\/a><\/p>\n","protected":false},"author":1,"featured_media":0,"parent":0,"menu_order":0,"comment_status":"closed","ping_status":"closed","template":"","meta":[],"_links":{"self":[{"href":"https:\/\/www.alcatelmobile.com\/de\/content\/wp-json\/wp\/v2\/pages\/26275"}],"collection":[{"href":"https:\/\/www.alcatelmobile.com\/de\/content\/wp-json\/wp\/v2\/pages"}],"about":[{"href":"https:\/\/www.alcatelmobile.com\/de\/content\/wp-json\/wp\/v2\/types\/page"}],"author":[{"embeddable":true,"href":"https:\/\/www.alcatelmobile.com\/de\/content\/wp-json\/wp\/v2\/users\/1"}],"replies":[{"embeddable":true,"href":"https:\/\/www.alcatelmobile.com\/de\/content\/wp-json\/wp\/v2\/comments?post=26275"}],"version-history":[{"count":4,"href":"https:\/\/www.alcatelmobile.com\/de\/content\/wp-json\/wp\/v2\/pages\/26275\/revisions"}],"predecessor-version":[{"id":29927,"href":"https:\/\/www.alcatelmobile.com\/de\/content\/wp-json\/wp\/v2\/pages\/26275\/revisions\/29927"}],"wp:attachment":[{"href":"https:\/\/www.alcatelmobile.com\/de\/content\/wp-json\/wp\/v2\/media?parent=26275"}],"curies":[{"name":"wp","href":"https:\/\/api.w.org\/{rel}","templated":true}]}}