{"id":27861,"date":"2019-12-05T11:21:02","date_gmt":"2019-12-05T03:21:02","guid":{"rendered":"https:\/\/www.alcatelmobile.com\/es\/?post_type=product&#038;p=27861"},"modified":"2019-12-05T11:28:44","modified_gmt":"2019-12-05T03:28:44","slug":"a7","status":"publish","type":"product","link":"https:\/\/www.alcatelmobile.com\/es\/product\/smartphone\/alcatel-a-series\/a7\/","title":{"rendered":"A7"},"content":{"rendered":"","protected":false},"excerpt":{"rendered":"<p>M\u00e1ximas prestaciones y una gran autonom\u00eda para superar todos los l\u00edmites<\/p>\n","protected":false},"featured_media":13776,"template":"","meta":[],"_links":{"self":[{"href":"https:\/\/www.alcatelmobile.com\/es\/content\/wp-json\/wp\/v2\/product\/27861"}],"collection":[{"href":"https:\/\/www.alcatelmobile.com\/es\/content\/wp-json\/wp\/v2\/product"}],"about":[{"href":"https:\/\/www.alcatelmobile.com\/es\/content\/wp-json\/wp\/v2\/types\/product"}],"version-history":[{"count":1,"href":"https:\/\/www.alcatelmobile.com\/es\/content\/wp-json\/wp\/v2\/product\/27861\/revisions"}],"predecessor-version":[{"id":27862,"href":"https:\/\/www.alcatelmobile.com\/es\/content\/wp-json\/wp\/v2\/product\/27861\/revisions\/27862"}],"wp:featuredmedia":[{"embeddable":true,"href":"https:\/\/www.alcatelmobile.com\/es\/content\/wp-json\/wp\/v2\/media\/13776"}],"wp:attachment":[{"href":"https:\/\/www.alcatelmobile.com\/es\/content\/wp-json\/wp\/v2\/media?parent=27861"}],"curies":[{"name":"wp","href":"https:\/\/api.w.org\/{rel}","templated":true}]}}