{"id":29057,"date":"2021-02-03T13:32:21","date_gmt":"2021-02-03T05:32:21","guid":{"rendered":"https:\/\/www.alcatelmobile.com\/fr\/?page_id=29057"},"modified":"2021-03-03T11:06:34","modified_gmt":"2021-03-03T03:06:34","slug":"garantie","status":"publish","type":"page","link":"https:\/\/www.alcatelmobile.com\/fr\/garantie\/","title":{"rendered":"Garantie"},"content":{"rendered":"\t\t<div data-elementor-type=\"post\" data-elementor-id=\"29057\" class=\"elementor elementor-29057\" data-elementor-settings=\"[]\">\n\t\t\t<div class=\"elementor-inner\">\n\t\t\t\t<div class=\"elementor-section-wrap\">\n\t\t\t\t\t\t\t<section class=\"elementor-element elementor-element-4862f035 mi-no-height elementor-section-boxed elementor-section-height-default elementor-section-height-default elementor-section elementor-top-section\" data-id=\"4862f035\" data-element_type=\"section\">\n\t\t\t\t\t\t<div class=\"elementor-container elementor-column-gap-no\">\n\t\t\t\t<div class=\"elementor-row\">\n\t\t\t\t<div class=\"elementor-element elementor-element-7a0bfd04 elementor-column elementor-col-100 elementor-top-column\" data-id=\"7a0bfd04\" data-element_type=\"column\">\n\t\t\t<div class=\"elementor-column-wrap  elementor-element-populated\">\n\t\t\t\t\t<div class=\"elementor-widget-wrap\">\n\t\t\t\t<div class=\"elementor-element elementor-element-6765cc07 elementor-widget elementor-widget-html\" data-id=\"6765cc07\" data-element_type=\"widget\" data-widget_type=\"html.default\">\n\t\t\t\t<div class=\"elementor-widget-container\">\n\t\t\t<div id=\"mi-alternative-menu-bottom-border-color\" data-alt-class=\"mi-dark-bottom-border\"><\/div>\t\t<\/div>\n\t\t\t\t<\/div>\n\t\t\t\t\t\t<\/div>\n\t\t\t<\/div>\n\t\t<\/div>\n\t\t\t\t\t\t<\/div>\n\t\t\t<\/div>\n\t\t<\/section>\n\t\t\t\t<section class=\"elementor-element elementor-element-1deda77d elementor-section-boxed elementor-section-height-default elementor-section-height-default elementor-section elementor-top-section\" data-id=\"1deda77d\" data-element_type=\"section\">\n\t\t\t\t\t\t<div class=\"elementor-container elementor-column-gap-no\">\n\t\t\t\t<div class=\"elementor-row\">\n\t\t\t\t<div class=\"elementor-element elementor-element-16052129 elementor-column elementor-col-100 elementor-top-column\" data-id=\"16052129\" data-element_type=\"column\">\n\t\t\t<div class=\"elementor-column-wrap  elementor-element-populated\">\n\t\t\t\t\t<div class=\"elementor-widget-wrap\">\n\t\t\t\t<div class=\"elementor-element elementor-element-133c6fc4 elementor-widget elementor-widget-theme-post-title elementor-page-title elementor-widget-heading\" data-id=\"133c6fc4\" data-element_type=\"widget\" data-widget_type=\"theme-post-title.default\">\n\t\t\t\t<div class=\"elementor-widget-container\">\n\t\t\t<h1 class=\"elementor-heading-title elementor-size-default\">Garantie<\/h1>\t\t<\/div>\n\t\t\t\t<\/div>\n\t\t\t\t<div class=\"elementor-element elementor-element-75a7ef72 mi-general-text mi-hyperlink-blue elementor-widget elementor-widget-text-editor\" data-id=\"75a7ef72\" data-element_type=\"widget\" data-widget_type=\"text-editor.default\">\n\t\t\t\t<div class=\"elementor-widget-container\">\n\t\t\t\t\t<div class=\"elementor-text-editor elementor-clearfix\"><p>Votre t\u00e9l\u00e9phone est garanti contre tout d\u00e9faut de conformit\u00e9 qui pourrait appara\u00eetre, dans des conditions normales d\u2019utilisation pendant la dur\u00e9e de garantie de douze (12) mois <sup>(1)<\/sup> \u00e0 compter de la date d\u2019achat de votre t\u00e9l\u00e9phone, telle que figurant sur votre facture originale.<\/p>\n<p>Les batteries <sup>(2)<\/sup> et accessoires vendus avec votre t\u00e9l\u00e9phone sont aussi garantis contre tout d\u00e9faut de conformit\u00e9 qui pourrait appara\u00eetre, dans des conditions normales d\u2019utilisation mais pendant la dur\u00e9e de six (6) mois<sup> (1)<\/sup> \u00e0 compter de la date d\u2019achat de votre t\u00e9l\u00e9phone, telle que figurant sur votre preuve d\u2019achat.<\/p>\n<p>En cas de constat d\u2019un d\u00e9faut de conformit\u00e9 de votre t\u00e9l\u00e9phone qui en emp\u00eache une utilisation normale, vous devez aviser imm\u00e9diatement votre revendeur et lui pr\u00e9senter votre t\u00e9l\u00e9phone avec une preuve d\u2019achat.<\/p>\n<p>Si le d\u00e9faut de conformit\u00e9 est confirm\u00e9, tout ou partie de votre t\u00e9l\u00e9phone sera remplac\u00e9 ou r\u00e9par\u00e9. La r\u00e9paration ou le remplacement pourra \u00eatre effectu\u00e9 avec des produits remis \u00e0 neuf et dont les fonctionnalit\u00e9s sont \u00e9quivalentes \u00e0 celles des produits neufs. Si votre t\u00e9l\u00e9phone a \u00e9t\u00e9 r\u00e9par\u00e9, il est couvert par une garantie de un (1) mois pour le m\u00eame d\u00e9faut.<\/p>\n<p>La pr\u00e9sente garantie couvre les pi\u00e8ces et les frais de main d\u2019\u0153uvre \u00e0 l\u2019exclusion de tout autre co\u00fbt.<\/p>\n<p>La pr\u00e9sente garantie ne s\u2019applique pas aux d\u00e9fauts de votre t\u00e9l\u00e9phone et\/ou de votre accessoire occasionn\u00e9s par (sans limitation):<\/p>\n<p>1) le non-respect des instructions d\u2019utilisation ou d\u2019installation, ou des normes techniques et de s\u00e9curit\u00e9 en vigueur dans la zone g\u00e9ographique d\u2019utilisation,<\/p>\n<p>2) une association ou une int\u00e9gration dans des \u00e9quipements non fournis ou non recommand\u00e9s par TCL Communication Ltd,<\/p>\n<p>3) toute modification ou r\u00e9paration par des personnes non autoris\u00e9es par TCL Communication Ltd. ou ses filiales, ou votre revendeur,<\/p>\n<p>4) toute modification, correction ou adaptation du logiciel ou du mat\u00e9riel effectu\u00e9e par des personnes non autoris\u00e9es par TCL Communication Ltd,<\/p>\n<p>5) des intemp\u00e9ries, la foudre, une incendie, l\u2019humidit\u00e9, des infiltrations de liquide ou de nourriture, des produits chimiques, le t\u00e9l\u00e9chargement de fichiers, un choc, une surtension, la corrosion ou l\u2019oxydation\u2026<\/p>\n<p>Les dispositions ci-dessus constituent les seules garanties \u00e0 l\u2019exclusion de toute autre garantie qu\u2019elle soit \u00e9crite ou verbale, expresse ou implicite, et quelle qu\u2019en soit sa nature mais cette garantie s\u2019ajoute aux garanties l\u00e9gales qui peuvent exister dans votre pays ou juridiction.<\/p>\n<p>TCL Communication Ltd. ou ses filiales ne seront en aucun cas, tenus responsables des dommages directs, indirects ou cons\u00e9cutifs de quelle que nature qu\u2019ils soient, y compris et sans limitation, les pertes commerciales ou financi\u00e8res, la perte de donn\u00e9es ou l\u2019atteinte \u00e0 la r\u00e9putation, dans la mesure o\u00f9 ces motifs peuvent \u00eatre r\u00e9voqu\u00e9s l\u00e9galement.<\/p>\n<p>Dans certains pays ou \u00e9tats, l\u2019exclusion ou la limitation des dommages directs, indirects ou cons\u00e9cutifs, ou la limitation de la dur\u00e9e des guaranties implicites n\u2019est pas autoris\u00e9e, par cons\u00e9quent, lesdites limitations et exclusions susmentionn\u00e9es pourraient ne pas s\u2019appliquer \u00e0 vous.<\/p>\n<p>\u00a0<\/p>\n<p><sup>(1)<\/sup> La dur\u00e9e de cette garantie l\u00e9gale peut varier dans votre pays.<\/p>\n<p><sup>(2)<\/sup> L\u2019autonomie en communication, en veille, et le cycle de vie total d\u2019une batterie rechargeable de t\u00e9l\u00e9phone mobile d\u00e9pend des conditions d\u2019utilisation et des configurations du r\u00e9seau. S\u2019agissant d\u2019un consommable, les sp\u00e9cifications indiquent que vous devriez obtenir un fonctionnement optimal de votre t\u00e9l\u00e9phone au cours des six premiers mois de l\u2019achat et pour environ 200 charges.<\/p><\/div>\n\t\t\t\t<\/div>\n\t\t\t\t<\/div>\n\t\t\t\t\t\t<\/div>\n\t\t\t<\/div>\n\t\t<\/div>\n\t\t\t\t\t\t<\/div>\n\t\t\t<\/div>\n\t\t<\/section>\n\t\t\t\t\t\t<\/div>\n\t\t\t<\/div>\n\t\t<\/div>\n\t\t","protected":false},"excerpt":{"rendered":"<p>Votre t\u00e9l\u00e9phone est garanti contre tout d\u00e9faut de conformit\u00e9 qui pourrait appara\u00eetre, dans des conditions normales d\u2019utilisation pendant la dur\u00e9e de garantie de douze (12) mois (1) \u00e0 compter de la date d\u2019achat de votre t\u00e9l\u00e9phone, telle que figurant sur votre facture originale. Les batteries (2) et accessoires vendus avec votre t\u00e9l\u00e9phone sont aussi garantis &hellip;<\/p>\n<p class=\"read-more\"> <a class=\"\" href=\"https:\/\/www.alcatelmobile.com\/fr\/garantie\/\"> <span class=\"screen-reader-text\">Garantie<\/span> Read More &raquo;<\/a><\/p>\n","protected":false},"author":1,"featured_media":0,"parent":0,"menu_order":0,"comment_status":"closed","ping_status":"closed","template":"","meta":[],"_links":{"self":[{"href":"https:\/\/www.alcatelmobile.com\/fr\/content\/wp-json\/wp\/v2\/pages\/29057"}],"collection":[{"href":"https:\/\/www.alcatelmobile.com\/fr\/content\/wp-json\/wp\/v2\/pages"}],"about":[{"href":"https:\/\/www.alcatelmobile.com\/fr\/content\/wp-json\/wp\/v2\/types\/page"}],"author":[{"embeddable":true,"href":"https:\/\/www.alcatelmobile.com\/fr\/content\/wp-json\/wp\/v2\/users\/1"}],"replies":[{"embeddable":true,"href":"https:\/\/www.alcatelmobile.com\/fr\/content\/wp-json\/wp\/v2\/comments?post=29057"}],"version-history":[{"count":3,"href":"https:\/\/www.alcatelmobile.com\/fr\/content\/wp-json\/wp\/v2\/pages\/29057\/revisions"}],"predecessor-version":[{"id":29281,"href":"https:\/\/www.alcatelmobile.com\/fr\/content\/wp-json\/wp\/v2\/pages\/29057\/revisions\/29281"}],"wp:attachment":[{"href":"https:\/\/www.alcatelmobile.com\/fr\/content\/wp-json\/wp\/v2\/media?parent=29057"}],"curies":[{"name":"wp","href":"https:\/\/api.w.org\/{rel}","templated":true}]}}