{"id":27865,"date":"2019-12-09T17:20:18","date_gmt":"2019-12-09T09:20:18","guid":{"rendered":"https:\/\/www.alcatelmobile.com\/fr\/?post_type=product&#038;p=27865"},"modified":"2019-12-09T17:34:56","modified_gmt":"2019-12-09T09:34:56","slug":"a7","status":"publish","type":"product","link":"https:\/\/www.alcatelmobile.com\/fr\/product\/smartphone\/alcatel-a-series\/a7\/","title":{"rendered":"A7"},"content":{"rendered":"","protected":false},"excerpt":{"rendered":"<p>Acc\u00e9dez \u00e0 de nouveaux sommets gr\u00e2ce \u00e0 des performances optimales et \u00e0 une autonomie remarquable<\/p>\n","protected":false},"featured_media":13776,"template":"","meta":[],"_links":{"self":[{"href":"https:\/\/www.alcatelmobile.com\/fr\/content\/wp-json\/wp\/v2\/product\/27865"}],"collection":[{"href":"https:\/\/www.alcatelmobile.com\/fr\/content\/wp-json\/wp\/v2\/product"}],"about":[{"href":"https:\/\/www.alcatelmobile.com\/fr\/content\/wp-json\/wp\/v2\/types\/product"}],"version-history":[{"count":1,"href":"https:\/\/www.alcatelmobile.com\/fr\/content\/wp-json\/wp\/v2\/product\/27865\/revisions"}],"predecessor-version":[{"id":27866,"href":"https:\/\/www.alcatelmobile.com\/fr\/content\/wp-json\/wp\/v2\/product\/27865\/revisions\/27866"}],"wp:featuredmedia":[{"embeddable":true,"href":"https:\/\/www.alcatelmobile.com\/fr\/content\/wp-json\/wp\/v2\/media\/13776"}],"wp:attachment":[{"href":"https:\/\/www.alcatelmobile.com\/fr\/content\/wp-json\/wp\/v2\/media?parent=27865"}],"curies":[{"name":"wp","href":"https:\/\/api.w.org\/{rel}","templated":true}]}}