{"id":13349,"date":"2019-06-27T20:59:12","date_gmt":"2019-06-27T12:59:12","guid":{"rendered":"https:\/\/www.alcatelmobile.com\/?post_type=product&#038;p=13349"},"modified":"2019-12-20T16:45:37","modified_gmt":"2019-12-20T08:45:37","slug":"alcatel-1-2019","status":"publish","type":"product","link":"https:\/\/www.alcatelmobile.com\/hu\/product\/smartphone\/alcatel1-szeria\/alcatel-1-2019\/","title":{"rendered":"Alcatel 1 (2019)"},"content":{"rendered":"","protected":false},"excerpt":{"rendered":"<p>A kompakt eszk\u00f6z \u00e9s a 18:9-es k\u00e9par\u00e1ny\u00fa Full View Kijelz\u0151 k\u00f6nnyed utaz\u00e1st tesz lehet\u0151v\u00e9<\/p>\n","protected":false},"featured_media":25586,"template":"","meta":[],"_links":{"self":[{"href":"https:\/\/www.alcatelmobile.com\/hu\/content\/wp-json\/wp\/v2\/product\/13349"}],"collection":[{"href":"https:\/\/www.alcatelmobile.com\/hu\/content\/wp-json\/wp\/v2\/product"}],"about":[{"href":"https:\/\/www.alcatelmobile.com\/hu\/content\/wp-json\/wp\/v2\/types\/product"}],"version-history":[{"count":4,"href":"https:\/\/www.alcatelmobile.com\/hu\/content\/wp-json\/wp\/v2\/product\/13349\/revisions"}],"predecessor-version":[{"id":28042,"href":"https:\/\/www.alcatelmobile.com\/hu\/content\/wp-json\/wp\/v2\/product\/13349\/revisions\/28042"}],"wp:featuredmedia":[{"embeddable":true,"href":"https:\/\/www.alcatelmobile.com\/hu\/content\/wp-json\/wp\/v2\/media\/25586"}],"wp:attachment":[{"href":"https:\/\/www.alcatelmobile.com\/hu\/content\/wp-json\/wp\/v2\/media?parent=13349"}],"curies":[{"name":"wp","href":"https:\/\/api.w.org\/{rel}","templated":true}]}}