{"id":13631,"date":"2019-07-02T11:43:23","date_gmt":"2019-07-02T03:43:23","guid":{"rendered":"https:\/\/www.alcatelmobile.com\/?post_type=product&#038;p=13631"},"modified":"2019-12-18T17:55:12","modified_gmt":"2019-12-18T09:55:12","slug":"move-track","status":"publish","type":"product","link":"https:\/\/www.alcatelmobile.com\/hu\/product\/mobile-broadband\/mobile-wifi\/move-track\/","title":{"rendered":"MOVE TRACK"},"content":{"rendered":"","protected":false},"excerpt":{"rendered":"<p>Gondoskodj szeretteidr\u0151l az okostelefonod seg\u00edts\u00e9g\u00e9vel<\/p>\n","protected":false},"featured_media":13689,"template":"","meta":[],"_links":{"self":[{"href":"https:\/\/www.alcatelmobile.com\/hu\/content\/wp-json\/wp\/v2\/product\/13631"}],"collection":[{"href":"https:\/\/www.alcatelmobile.com\/hu\/content\/wp-json\/wp\/v2\/product"}],"about":[{"href":"https:\/\/www.alcatelmobile.com\/hu\/content\/wp-json\/wp\/v2\/types\/product"}],"version-history":[{"count":3,"href":"https:\/\/www.alcatelmobile.com\/hu\/content\/wp-json\/wp\/v2\/product\/13631\/revisions"}],"predecessor-version":[{"id":28000,"href":"https:\/\/www.alcatelmobile.com\/hu\/content\/wp-json\/wp\/v2\/product\/13631\/revisions\/28000"}],"wp:featuredmedia":[{"embeddable":true,"href":"https:\/\/www.alcatelmobile.com\/hu\/content\/wp-json\/wp\/v2\/media\/13689"}],"wp:attachment":[{"href":"https:\/\/www.alcatelmobile.com\/hu\/content\/wp-json\/wp\/v2\/media?parent=13631"}],"curies":[{"name":"wp","href":"https:\/\/api.w.org\/{rel}","templated":true}]}}