{"id":28104,"date":"2020-02-11T18:20:14","date_gmt":"2020-02-11T10:20:14","guid":{"rendered":"https:\/\/www.alcatelmobile.com\/hu\/?post_type=product&#038;p=28104"},"modified":"2020-02-11T18:34:47","modified_gmt":"2020-02-11T10:34:47","slug":"alcatel-1s-2020","status":"publish","type":"product","link":"https:\/\/www.alcatelmobile.com\/hu\/product\/smartphone\/alcatel1-szeria\/alcatel-1s-2020\/","title":{"rendered":"Alcatel 1S (2020)"},"content":{"rendered":"","protected":false},"excerpt":{"rendered":"<p>F\u00e9nyk\u00e9pezz okosabban az intelligens tripla kamer\u00e1val<\/p>\n","protected":false},"featured_media":28124,"template":"","meta":[],"_links":{"self":[{"href":"https:\/\/www.alcatelmobile.com\/hu\/content\/wp-json\/wp\/v2\/product\/28104"}],"collection":[{"href":"https:\/\/www.alcatelmobile.com\/hu\/content\/wp-json\/wp\/v2\/product"}],"about":[{"href":"https:\/\/www.alcatelmobile.com\/hu\/content\/wp-json\/wp\/v2\/types\/product"}],"version-history":[{"count":1,"href":"https:\/\/www.alcatelmobile.com\/hu\/content\/wp-json\/wp\/v2\/product\/28104\/revisions"}],"predecessor-version":[{"id":28126,"href":"https:\/\/www.alcatelmobile.com\/hu\/content\/wp-json\/wp\/v2\/product\/28104\/revisions\/28126"}],"wp:featuredmedia":[{"embeddable":true,"href":"https:\/\/www.alcatelmobile.com\/hu\/content\/wp-json\/wp\/v2\/media\/28124"}],"wp:attachment":[{"href":"https:\/\/www.alcatelmobile.com\/hu\/content\/wp-json\/wp\/v2\/media?parent=28104"}],"curies":[{"name":"wp","href":"https:\/\/api.w.org\/{rel}","templated":true}]}}