{"id":13354,"date":"2019-06-27T21:05:35","date_gmt":"2019-06-27T13:05:35","guid":{"rendered":"https:\/\/www.alcatelmobile.com\/?post_type=product&#038;p=13354"},"modified":"2019-12-23T18:40:37","modified_gmt":"2019-12-23T10:40:37","slug":"alcatel-5","status":"publish","type":"product","link":"https:\/\/www.alcatelmobile.com\/pl\/product\/smartphone\/alcatel5\/alcatel-5\/","title":{"rendered":"Alcatel 5"},"content":{"rendered":"","protected":false},"excerpt":{"rendered":"<p>Przekraczaj bariery dzi\u0119ki zachwycaj\u0105cemu, pozbawionemu ogranicze\u0144 designowi<\/p>\n","protected":false},"featured_media":25890,"template":"","meta":[],"_links":{"self":[{"href":"https:\/\/www.alcatelmobile.com\/pl\/content\/wp-json\/wp\/v2\/product\/13354"}],"collection":[{"href":"https:\/\/www.alcatelmobile.com\/pl\/content\/wp-json\/wp\/v2\/product"}],"about":[{"href":"https:\/\/www.alcatelmobile.com\/pl\/content\/wp-json\/wp\/v2\/types\/product"}],"version-history":[{"count":7,"href":"https:\/\/www.alcatelmobile.com\/pl\/content\/wp-json\/wp\/v2\/product\/13354\/revisions"}],"predecessor-version":[{"id":28069,"href":"https:\/\/www.alcatelmobile.com\/pl\/content\/wp-json\/wp\/v2\/product\/13354\/revisions\/28069"}],"wp:featuredmedia":[{"embeddable":true,"href":"https:\/\/www.alcatelmobile.com\/pl\/content\/wp-json\/wp\/v2\/media\/25890"}],"wp:attachment":[{"href":"https:\/\/www.alcatelmobile.com\/pl\/content\/wp-json\/wp\/v2\/media?parent=13354"}],"curies":[{"name":"wp","href":"https:\/\/api.w.org\/{rel}","templated":true}]}}