{"id":28180,"date":"2020-04-15T18:12:36","date_gmt":"2020-04-15T10:12:36","guid":{"rendered":"https:\/\/www.alcatelmobile.com\/pl\/?post_type=product&#038;p=28180"},"modified":"2020-07-28T14:02:57","modified_gmt":"2020-07-28T06:02:57","slug":"alcatel-3l-2020","status":"publish","type":"product","link":"https:\/\/www.alcatelmobile.com\/pl\/product\/smartphone\/alcatel3\/alcatel-3l-2020\/","title":{"rendered":"Alcatel 3L (2020)"},"content":{"rendered":"","protected":false},"excerpt":{"rendered":"<p>Uchwy\u0107 ka\u017cdy szczeg\u00f3\u0142, dzi\u0119ki potr\u00f3jnemu aparatowi 48 Mpix<\/p>\n","protected":false},"featured_media":28182,"template":"","meta":[],"_links":{"self":[{"href":"https:\/\/www.alcatelmobile.com\/pl\/content\/wp-json\/wp\/v2\/product\/28180"}],"collection":[{"href":"https:\/\/www.alcatelmobile.com\/pl\/content\/wp-json\/wp\/v2\/product"}],"about":[{"href":"https:\/\/www.alcatelmobile.com\/pl\/content\/wp-json\/wp\/v2\/types\/product"}],"version-history":[{"count":3,"href":"https:\/\/www.alcatelmobile.com\/pl\/content\/wp-json\/wp\/v2\/product\/28180\/revisions"}],"predecessor-version":[{"id":28275,"href":"https:\/\/www.alcatelmobile.com\/pl\/content\/wp-json\/wp\/v2\/product\/28180\/revisions\/28275"}],"wp:featuredmedia":[{"embeddable":true,"href":"https:\/\/www.alcatelmobile.com\/pl\/content\/wp-json\/wp\/v2\/media\/28182"}],"wp:attachment":[{"href":"https:\/\/www.alcatelmobile.com\/pl\/content\/wp-json\/wp\/v2\/media?parent=28180"}],"curies":[{"name":"wp","href":"https:\/\/api.w.org\/{rel}","templated":true}]}}