{"id":29102,"date":"2020-06-29T11:35:26","date_gmt":"2020-06-29T03:35:26","guid":{"rendered":"https:\/\/www.alcatelmobile.com\/?post_type=product&#038;p=29102"},"modified":"2020-07-01T15:53:24","modified_gmt":"2020-07-01T07:53:24","slug":"alcatel-3x-2020","status":"publish","type":"product","link":"https:\/\/www.alcatelmobile.com\/rs\/product\/smartphone\/alcatel3\/alcatel-3x-2020\/","title":{"rendered":"Alcatel 3X (2020)"},"content":{"rendered":"","protected":false},"excerpt":{"rendered":"<p>Promenite \u017eivot iz korena pomo\u0107u najnovije \u010detvorostruke AI kamere i \u0161irokog ekrana<\/p>\n","protected":false},"featured_media":29474,"template":"","meta":[],"_links":{"self":[{"href":"https:\/\/www.alcatelmobile.com\/rs\/content\/wp-json\/wp\/v2\/product\/29102"}],"collection":[{"href":"https:\/\/www.alcatelmobile.com\/rs\/content\/wp-json\/wp\/v2\/product"}],"about":[{"href":"https:\/\/www.alcatelmobile.com\/rs\/content\/wp-json\/wp\/v2\/types\/product"}],"version-history":[{"count":8,"href":"https:\/\/www.alcatelmobile.com\/rs\/content\/wp-json\/wp\/v2\/product\/29102\/revisions"}],"predecessor-version":[{"id":29481,"href":"https:\/\/www.alcatelmobile.com\/rs\/content\/wp-json\/wp\/v2\/product\/29102\/revisions\/29481"}],"wp:featuredmedia":[{"embeddable":true,"href":"https:\/\/www.alcatelmobile.com\/rs\/content\/wp-json\/wp\/v2\/media\/29474"}],"wp:attachment":[{"href":"https:\/\/www.alcatelmobile.com\/rs\/content\/wp-json\/wp\/v2\/media?parent=29102"}],"curies":[{"name":"wp","href":"https:\/\/api.w.org\/{rel}","templated":true}]}}