{"id":28082,"date":"2020-05-14T16:42:42","date_gmt":"2020-05-14T08:42:42","guid":{"rendered":"https:\/\/www.alcatelmobile.com\/tr\/?post_type=product&#038;p=28082"},"modified":"2020-05-21T10:16:31","modified_gmt":"2020-05-21T02:16:31","slug":"akilli-aile-saati-mt40-s","status":"publish","type":"product","link":"https:\/\/www.alcatelmobile.com\/tr\/product\/smartwatches\/move-time\/akilli-aile-saati-mt40-s\/","title":{"rendered":"Ak\u0131ll\u0131 Aile Saati MT40 S"},"content":{"rendered":"","protected":false},"excerpt":{"rendered":"<p>Yeti\u015fkinler d\u00fc\u015f\u00fcn\u00fclerek tasarland\u0131<\/p>\n","protected":false},"featured_media":28068,"template":"","meta":[],"_links":{"self":[{"href":"https:\/\/www.alcatelmobile.com\/tr\/content\/wp-json\/wp\/v2\/product\/28082"}],"collection":[{"href":"https:\/\/www.alcatelmobile.com\/tr\/content\/wp-json\/wp\/v2\/product"}],"about":[{"href":"https:\/\/www.alcatelmobile.com\/tr\/content\/wp-json\/wp\/v2\/types\/product"}],"version-history":[{"count":2,"href":"https:\/\/www.alcatelmobile.com\/tr\/content\/wp-json\/wp\/v2\/product\/28082\/revisions"}],"predecessor-version":[{"id":28089,"href":"https:\/\/www.alcatelmobile.com\/tr\/content\/wp-json\/wp\/v2\/product\/28082\/revisions\/28089"}],"wp:featuredmedia":[{"embeddable":true,"href":"https:\/\/www.alcatelmobile.com\/tr\/content\/wp-json\/wp\/v2\/media\/28068"}],"wp:attachment":[{"href":"https:\/\/www.alcatelmobile.com\/tr\/content\/wp-json\/wp\/v2\/media?parent=28082"}],"curies":[{"name":"wp","href":"https:\/\/api.w.org\/{rel}","templated":true}]}}